{"id":15,"date":"2016-05-23T14:47:26","date_gmt":"2016-05-23T12:47:26","guid":{"rendered":"http:\/\/motor-ola.se\/wp\/?page_id=15"},"modified":"2016-06-22T16:58:48","modified_gmt":"2016-06-22T14:58:48","slug":"miljo-kvalitet","status":"publish","type":"page","link":"https:\/\/motor-ola.se\/index.php\/miljo-kvalitet\/","title":{"rendered":"Milj\u00f6 &#038; Kvalitet"},"content":{"rendered":"<p>H\u00e4r hittar du v\u00e5ra policys inom milj\u00f6, kvalitet och arbetsmilj\u00f6.<\/p>\n<p><a href=\"https:\/\/motor-ola.se\/wp-content\/uploads\/2016\/05\/Miljopolicy.pdf\">Milj\u00f6policy<\/a><br \/>\n<a href=\"https:\/\/motor-ola.se\/wp-content\/uploads\/2016\/05\/Kvalitetspolicy.pdf\">Kvalitetspolicy<\/a><br \/>\n<a href=\"https:\/\/motor-ola.se\/wp-content\/uploads\/2016\/05\/Arbetsmiljopolicy.pdf\">Arbetsmilj\u00f6policy<\/a><\/p>\n","protected":false},"excerpt":{"rendered":"<p>H\u00e4r hittar du v\u00e5ra policys inom milj\u00f6, kvalitet och arbetsmilj\u00f6. Milj\u00f6policy Kvalitetspolicy Arbetsmilj\u00f6policy<\/p>\n","protected":false},"author":1,"featured_media":0,"parent":0,"menu_order":0,"comment_status":"closed","ping_status":"closed","template":"","meta":{"footnotes":""},"class_list":["post-15","page","type-page","status-publish","hentry"],"_links":{"self":[{"href":"https:\/\/motor-ola.se\/index.php\/wp-json\/wp\/v2\/pages\/15","targetHints":{"allow":["GET"]}}],"collection":[{"href":"https:\/\/motor-ola.se\/index.php\/wp-json\/wp\/v2\/pages"}],"about":[{"href":"https:\/\/motor-ola.se\/index.php\/wp-json\/wp\/v2\/types\/page"}],"author":[{"embeddable":true,"href":"https:\/\/motor-ola.se\/index.php\/wp-json\/wp\/v2\/users\/1"}],"replies":[{"embeddable":true,"href":"https:\/\/motor-ola.se\/index.php\/wp-json\/wp\/v2\/comments?post=15"}],"version-history":[{"count":5,"href":"https:\/\/motor-ola.se\/index.php\/wp-json\/wp\/v2\/pages\/15\/revisions"}],"predecessor-version":[{"id":137,"href":"https:\/\/motor-ola.se\/index.php\/wp-json\/wp\/v2\/pages\/15\/revisions\/137"}],"wp:attachment":[{"href":"https:\/\/motor-ola.se\/index.php\/wp-json\/wp\/v2\/media?parent=15"}],"curies":[{"name":"wp","href":"https:\/\/api.w.org\/{rel}","templated":true}]}}